{"id":2437,"date":"2019-03-27T16:23:06","date_gmt":"2019-03-27T16:23:06","guid":{"rendered":"http:\/\/www.antilhuelontue.cl\/?page_id=2437"},"modified":"2024-03-01T10:09:33","modified_gmt":"2024-03-01T13:09:33","slug":"equipo-directivo","status":"publish","type":"page","link":"https:\/\/www.antilhuelontue.cl\/?page_id=2437","title":{"rendered":"Equipo Directivo"},"content":{"rendered":"<div class=\"wp-block-image is-style-default\">\n<figure class=\"aligncenter size-large\"><img loading=\"lazy\" decoding=\"async\" width=\"1024\" height=\"768\" src=\"https:\/\/www.antilhuelontue.cl\/wp-content\/uploads\/2023\/08\/1691417327859-1024x768.jpg\" alt=\"\" class=\"wp-image-7288\" srcset=\"https:\/\/www.antilhuelontue.cl\/wp-content\/uploads\/2023\/08\/1691417327859-1024x768.jpg 1024w, https:\/\/www.antilhuelontue.cl\/wp-content\/uploads\/2023\/08\/1691417327859-300x225.jpg 300w, https:\/\/www.antilhuelontue.cl\/wp-content\/uploads\/2023\/08\/1691417327859-768x576.jpg 768w, https:\/\/www.antilhuelontue.cl\/wp-content\/uploads\/2023\/08\/1691417327859-1536x1152.jpg 1536w, https:\/\/www.antilhuelontue.cl\/wp-content\/uploads\/2023\/08\/1691417327859-2048x1536.jpg 2048w\" sizes=\"auto, (max-width: 1024px) 100vw, 1024px\" \/><figcaption class=\"wp-element-caption\"><strong>Fabi\u00e1n Peredo Due\u00f1a<\/strong><br>Director Colegio T\u00e9cnico Antilhue<\/figcaption><\/figure>\n<\/div>\n\n\n<p class=\"has-text-align-center\"><br><\/p>\n\n\n\n<hr class=\"wp-block-separator has-css-opacity\"\/>\n\n\n\n<p class=\"has-text-align-center\"><strong>Oscar Puebla D\u00edaz<\/strong><br>Jefe Unidad T\u00e9cnico Pedag\u00f3gica<br><\/p>\n\n\n\n<hr class=\"wp-block-separator has-css-opacity\"\/>\n\n\n<div class=\"wp-block-image is-style-default\">\n<figure class=\"aligncenter size-large\"><img loading=\"lazy\" decoding=\"async\" width=\"1024\" height=\"577\" src=\"https:\/\/www.antilhuelontue.cl\/wp-content\/uploads\/2021\/06\/convivencia-copia-1024x577.jpg\" alt=\"\" class=\"wp-image-4974\" srcset=\"https:\/\/www.antilhuelontue.cl\/wp-content\/uploads\/2021\/06\/convivencia-copia-1024x577.jpg 1024w, https:\/\/www.antilhuelontue.cl\/wp-content\/uploads\/2021\/06\/convivencia-copia-300x169.jpg 300w, https:\/\/www.antilhuelontue.cl\/wp-content\/uploads\/2021\/06\/convivencia-copia-768x433.jpg 768w, https:\/\/www.antilhuelontue.cl\/wp-content\/uploads\/2021\/06\/convivencia-copia-1536x865.jpg 1536w, https:\/\/www.antilhuelontue.cl\/wp-content\/uploads\/2021\/06\/convivencia-copia-2048x1154.jpg 2048w, https:\/\/www.antilhuelontue.cl\/wp-content\/uploads\/2021\/06\/convivencia-copia-1920x1080.jpg 1920w\" sizes=\"auto, (max-width: 1024px) 100vw, 1024px\" \/><\/figure>\n<\/div>\n\n\n<p class=\"has-text-align-center\"><strong>Lorena Beltr\u00e1n Contreras<\/strong><br>Encargada Convivencia Escolar<br>Profesora de Matem\u00e1ticas<br>Mag\u00edster en Liderazgo y Clima Organizacional<\/p>\n\n\n\n<hr class=\"wp-block-separator has-css-opacity\"\/>\n\n\n<div class=\"wp-block-image\">\n<figure class=\"aligncenter\"><img loading=\"lazy\" decoding=\"async\" width=\"1024\" height=\"577\" src=\"https:\/\/www.antilhuelontue.cl\/wp-content\/uploads\/2019\/03\/2-SraPatricia-1-1024x577.jpg\" alt=\"\" class=\"wp-image-2446\" srcset=\"https:\/\/www.antilhuelontue.cl\/wp-content\/uploads\/2019\/03\/2-SraPatricia-1-1024x577.jpg 1024w, https:\/\/www.antilhuelontue.cl\/wp-content\/uploads\/2019\/03\/2-SraPatricia-1-300x169.jpg 300w, https:\/\/www.antilhuelontue.cl\/wp-content\/uploads\/2019\/03\/2-SraPatricia-1-768x433.jpg 768w, https:\/\/www.antilhuelontue.cl\/wp-content\/uploads\/2019\/03\/2-SraPatricia-1-1920x1080.jpg 1920w\" sizes=\"auto, (max-width: 1024px) 100vw, 1024px\" \/><\/figure>\n<\/div>\n\n\n<p class=\"has-text-align-center\"><strong>Patricia Gajardo Pinto<\/strong><br>Encargada de Recursos y Administraci\u00f3n<br>Ingeniera Comercial USACH<\/p>\n\n\n\n<hr class=\"wp-block-separator has-css-opacity\"\/>\n\n\n\n<p class=\"has-text-align-center\"><strong>Estefan\u00eda Pizarro Corbal\u00e1n<\/strong><br>Educadora Diferencial<br>Encargada departamento de Integraci\u00f3n Escolar PIE<\/p>\n","protected":false},"excerpt":{"rendered":"<p>Oscar Puebla D\u00edazJefe Unidad T\u00e9cnico Pedag\u00f3gica Lorena Beltr\u00e1n ContrerasEncargada Convivencia EscolarProfesora de Matem\u00e1ticasMag\u00edster en Liderazgo y Clima Organizacional Patricia Gajardo PintoEncargada de Recursos y Administraci\u00f3nIngeniera Comercial USACH Estefan\u00eda&hellip; <\/p>\n","protected":false},"author":1,"featured_media":0,"parent":0,"menu_order":0,"comment_status":"closed","ping_status":"closed","template":"","meta":{"footnotes":""},"class_list":["post-2437","page","type-page","status-publish","hentry"],"_links":{"self":[{"href":"https:\/\/www.antilhuelontue.cl\/index.php?rest_route=\/wp\/v2\/pages\/2437","targetHints":{"allow":["GET"]}}],"collection":[{"href":"https:\/\/www.antilhuelontue.cl\/index.php?rest_route=\/wp\/v2\/pages"}],"about":[{"href":"https:\/\/www.antilhuelontue.cl\/index.php?rest_route=\/wp\/v2\/types\/page"}],"author":[{"embeddable":true,"href":"https:\/\/www.antilhuelontue.cl\/index.php?rest_route=\/wp\/v2\/users\/1"}],"replies":[{"embeddable":true,"href":"https:\/\/www.antilhuelontue.cl\/index.php?rest_route=%2Fwp%2Fv2%2Fcomments&post=2437"}],"version-history":[{"count":40,"href":"https:\/\/www.antilhuelontue.cl\/index.php?rest_route=\/wp\/v2\/pages\/2437\/revisions"}],"predecessor-version":[{"id":8160,"href":"https:\/\/www.antilhuelontue.cl\/index.php?rest_route=\/wp\/v2\/pages\/2437\/revisions\/8160"}],"wp:attachment":[{"href":"https:\/\/www.antilhuelontue.cl\/index.php?rest_route=%2Fwp%2Fv2%2Fmedia&parent=2437"}],"curies":[{"name":"wp","href":"https:\/\/api.w.org\/{rel}","templated":true}]}}

<div class="wp-block-image is-style-default">
<figure class="aligncenter size-large"><img loading="lazy" decoding="async" width="1024" height="768" src="https://www.antilhuelontue.cl/wp-content/uploads/2023/08/1691417327859-1024x768.jpg" alt="" class="wp-image-7288" srcset="https://www.antilhuelontue.cl/wp-content/uploads/2023/08/1691417327859-1024x768.jpg 1024w, https://www.antilhuelontue.cl/wp-content/uploads/2023/08/1691417327859-300x225.jpg 300w, https://www.antilhuelontue.cl/wp-content/uploads/2023/08/1691417327859-768x576.jpg 768w, https://www.antilhuelontue.cl/wp-content/uploads/2023/08/1691417327859-1536x1152.jpg 1536w, https://www.antilhuelontue.cl/wp-content/uploads/2023/08/1691417327859-2048x1536.jpg 2048w" sizes="auto, (max-width: 1024px) 100vw, 1024px" /><figcaption class="wp-element-caption"><strong>Fabián Peredo Dueña</strong><br>Director Colegio Técnico Antilhue</figcaption></figure>
</div>


<p class="has-text-align-center"><br></p>



<hr class="wp-block-separator has-css-opacity"/>



<p class="has-text-align-center"><strong>Oscar Puebla Díaz</strong><br>Jefe Unidad Técnico Pedagógica<br></p>



<hr class="wp-block-separator has-css-opacity"/>


<div class="wp-block-image is-style-default">
<figure class="aligncenter size-large"><img loading="lazy" decoding="async" width="1024" height="577" src="https://www.antilhuelontue.cl/wp-content/uploads/2021/06/convivencia-copia-1024x577.jpg" alt="" class="wp-image-4974" srcset="https://www.antilhuelontue.cl/wp-content/uploads/2021/06/convivencia-copia-1024x577.jpg 1024w, https://www.antilhuelontue.cl/wp-content/uploads/2021/06/convivencia-copia-300x169.jpg 300w, https://www.antilhuelontue.cl/wp-content/uploads/2021/06/convivencia-copia-768x433.jpg 768w, https://www.antilhuelontue.cl/wp-content/uploads/2021/06/convivencia-copia-1536x865.jpg 1536w, https://www.antilhuelontue.cl/wp-content/uploads/2021/06/convivencia-copia-2048x1154.jpg 2048w, https://www.antilhuelontue.cl/wp-content/uploads/2021/06/convivencia-copia-1920x1080.jpg 1920w" sizes="auto, (max-width: 1024px) 100vw, 1024px" /></figure>
</div>


<p class="has-text-align-center"><strong>Lorena Beltrán Contreras</strong><br>Encargada Convivencia Escolar<br>Profesora de Matemáticas<br>Magíster en Liderazgo y Clima Organizacional</p>



<hr class="wp-block-separator has-css-opacity"/>


<div class="wp-block-image">
<figure class="aligncenter"><img loading="lazy" decoding="async" width="1024" height="577" src="https://www.antilhuelontue.cl/wp-content/uploads/2019/03/2-SraPatricia-1-1024x577.jpg" alt="" class="wp-image-2446" srcset="https://www.antilhuelontue.cl/wp-content/uploads/2019/03/2-SraPatricia-1-1024x577.jpg 1024w, https://www.antilhuelontue.cl/wp-content/uploads/2019/03/2-SraPatricia-1-300x169.jpg 300w, https://www.antilhuelontue.cl/wp-content/uploads/2019/03/2-SraPatricia-1-768x433.jpg 768w, https://www.antilhuelontue.cl/wp-content/uploads/2019/03/2-SraPatricia-1-1920x1080.jpg 1920w" sizes="auto, (max-width: 1024px) 100vw, 1024px" /></figure>
</div>


<p class="has-text-align-center"><strong>Patricia Gajardo Pinto</strong><br>Encargada de Recursos y Administración<br>Ingeniera Comercial USACH</p>



<hr class="wp-block-separator has-css-opacity"/>



<p class="has-text-align-center"><strong>Estefanía Pizarro Corbalán</strong><br>Educadora Diferencial<br>Encargada departamento de Integración Escolar PIE</p>

<p>Oscar Puebla DíazJefe Unidad Técnico Pedagógica Lorena Beltrán ContrerasEncargada Convivencia EscolarProfesora de MatemáticasMagíster en Liderazgo y Clima Organizacional Patricia Gajardo PintoEncargada de Recursos y AdministraciónIngeniera Comercial USACH Estefanía&hellip; </p>
